t y be (-6 - -1*2)/(28/434). Let s = -60 - y. Let l(i) = -3*i + 5*i**s + 2*i + 3 - 4*i**2 + i**3. What is l(0)?
3
Let g(c) = c**2 + 3*c - 10. Let j be g(-5). Suppose j = 2*h + h - 9, 19 = -4*i + 5*h. Let k be (4 - 4)/(i*4/4). Let x(a) = a**3 + a**2 - a - 2. Determine x(k).
-2
Suppose 0*n = 5*n + 55. Let f(a) = -a + 9. Let b be f(n). Suppose 0 = -25*c + b*c - 40. Let w(z) = z**3 + 9*z**2 + 9*z + 6. Give w(c).
-2
Let h = -2 + 1. Let x = 57 + -45. Let j(d) = -8*d**2 + 6*d + x*d**2 - 7*d. Give j(h).
5
Let p(d) = 3*d - 9. Suppose 6*r - 4 = 5*r. Let a be 40/18 + r/(-18). Suppose -5*h + 3*q = -q - 46, 0 = a*h - 5*q - 32. Calculate p(h).
9
Let w(a) be the first derivative of -2*a**2 + 48*a + 87. Let r be w(14). Let z(s) = s**2 + 9*s + 9. Give z(r).
1
Let j(q) = 89*q + 251. Let c(a) = 10*a + 28. Let z(l) = -19*c(l) + 2*j(l). Determine z(-4).
18
Let n(o) = -o**3 + 7*o**2 - 3. Suppose -27*l = -4*w - 23*l + 204, 0 = -4*w - 5*l + 249. Suppose 0 = -273*x + 281*x - w. Give n(x).
-3
Let v(m) = m**3 - 2*m**2 + 2*m - 1. Suppose -5*y - 20 = -5*b, 0 = -y - 2*b + 6*b - 16. Suppose -13*s + s + 120 = y. Let o be (-44)/(-12) - s/15. Give v(o).
14
Let g(j) be the third derivative of j**6/120 - j**5/10 + 25*j**3/6 - 11*j**2 - 9*j. Give g(6).
25
Let w(s) be the first derivative of s**2/2 - 5*s - 5. Let x be w(2). Let j(u) = u**2 + 2*u - 2. Let c be j(x). Let d(r) = -8*r. Calculate d(c).
-8
Let r(n) = 3*n**2 + 1. Let t = 186 - 178. Suppose -t*p + 13*p = -10. What is r(p)?
13
Let t be (51/9 + 1)/(2/39). Suppose -22*f + 372 = t. Let o(r) = r**3 - 10*r**2 - 10*r + 3. Give o(f).
14
Let s(b) = -2 - 4 - 10 + 55*b - 62*b + 4. Determine s(-1).
-5
Let b(g) = -10*g**2 - 2*g + 2. Suppose 25*x - 12*x - 4 = 15*x. What is b(x)?
-34
Suppose -5*v + 31 = -23*f + 20*f, 0 = 2*f - 6. Let q(j) = 2*j + 6. Determine q(v).
22
Let h(u) = -u**2 - 14*u + 8. Suppose 6*t + 6 = -18. Let r be 170/(-12) + t/(-24). Let d be h(r). Let m(q) = -q**2 + 7*q + 7. Calculate m(d).
-1
Let d(m) = -8*m - 10. Let c(p) = -73*p - 274. Let q(i) = -c(i) + 4*d(i). Determine q(-6).
-12
Let v be 8/(-8)*1*(0 + -19). Let m be (-21 + v)*-2*3 + 4. Let d(j) = j**3 - 16*j**2 - 3*j + 40. Give d(m).
-8
Let y be (5*(-12)/36)/(2/((-144)/(-20))). Let i(u) = u**2 + 9*u - 7. What is i(y)?
-25
Let a(q) = 3*q - 4 - 2 - q. Let o(p) = p**3 - p**2 - 2*p + 4. Let v = 421 + -421. Let z be o(v). Give a(z).
2
Let l(g) = 13*g + 39. Let k(b) = b**3 - 11*b**2 - 47*b + 66. Let u be k(14). Calculate l(u).
-13
Let w(u) = 6*u + 21 + 17 - 2*u - 2*u - 3*u. Calculate w(32).
6
Suppose 3*h - 5*n - 32 = 0, -2*h + 2*n + 18 = 2. Let k be (h - 1)/(10/(-4) - -3). Let m(u) = -u + 0 + 0*u - k. Give m(-5).
-1
Let w(j) be the second derivative of j**5/20 - 2*j**4/3 - j**3/6 + 15*j**2/2 + 11*j - 29. Determine w(7).
-41
Let t(h) = -h**3 + 18*h**2 - 2*h + 37. Let n be t(18). Suppose -n = 3*g - 4. Let v(o) = -65*o - 71*o - g + 137*o + 0. Give v(7).
6
Let u(w) = -28*w - 2. Suppose 0 = 3*j - 78*s + 77*s + 2, 0 = 5*j - s + 4. Give u(j).
26
Let f = -11709 - -11704. Let v(g) = 17*g + 21. What is v(f)?
-64
Let n be (-1 - (-18)/12)*-8. Let x(m) = -m - 2. Let d(i) = -11. Let j(b) = n*x(b) + d(b). What is j(3)?
9
Let o(w) = w**3 - 2*w**2 - w. Let x(k) be the third derivative of -k**5/30 + 5*k**3/3 + 197*k**2. Let d be x(2). What is o(d)?
-2
Let n(g) = 3*g - 9. Let t = -3235 - -3225. Calculate n(t).
-39
Let z = 10505 - 21009/2. Let j(r) be the first derivative of 11*r + z*r**2 + 7. Calculate j(-5).
6
Let w be (-758)/379 - (1/(-4)*41)/5. Let s(m) be the second derivative of 1/3*m**3 - 25*m + 0 - w*m**5 - 2*m**2 - 1/3*m**4. Determine s(-3).
-19
Let z(k) = -k**3 + 3*k**2 + 6*k + 5. Let b(m) be the third derivative of -m**6/120 - m**5/15 + m**4/8 - 5*m**3/6 + m**2 + 17. Let s be b(-5). Give z(s).
-15
Let i(q) = q**3 + 6*q**2 + 8*q + 6. Let f = -115 + 123. Let x(z) = -z**3 + 9*z**2 + 6*z - 3. Let t be x(f). Let u = -114 + t. What is i(u)?
-9
Let r(s) be the third derivative of 1/120*s**6 + 1/12*s**4 + 10 - 8/3*s**3 + 0*s + s**2 - 1/6*s**5. What is r(10)?
4
Let t(r) = -7*r**3 + 2*r**2 - 1. Suppose j + 17 = 5*j - i, 5*i = -j + 20. Suppose -5*d = -j*x - 110, -x = -4*d - 4*x + 123. Let l = d + -28. Determine t(l).
8
Let w(q) = -1 + 6*q - 8*q + 4. Let b be 1 - ((-804)/(-13) + 26/169). Let x = b - -58. Determine w(x).
9
Let l = -1410 + 1417. Let n(v) = -v**2 - 4*v + 34. Give n(l).
-43
Let g(a) be the third derivative of -a**4 - 146*a**3/3 + 9139*a**2. Determine g(-11).
-28
Let v = 2053 + -953. Let p be (-2)/7 + v/28. Let s be (-26)/p + (-16)/(-6). Let y(q) = q**3 - 4*q**2 + 4*q - 3. What is y(s)?
-3
Let m(j) = 3*j + 17. Let c be (2*3 + 5 + (-80)/16)*-2. Give m(c).
-19
Let d = 375/2 - 4499/24. Let n(r) be the third derivative of -16*r**2 + 0*r + d*r**4 + 1/10*r**5 + 0 - 1/120*r**6 - 1/3*r**3. What is n(6)?
4
Let d(o) be the first derivative of -3*o**4 + o**3 - 3*o**2/2 + 2*o + 3425. Determine d(1).
-10
Let l(s) = 119*s**2 + 7*s + 6. Let f be l(3). Let j(u) = -2*u - 1 + 547*u**2 - 2*u**3 + 549*u**2 - f*u**2. Calculate j(-2).
11
Let k = -17 - -9. Let z(c) = -1242 + 617 - 8*c + 620 - c**2. Calculate z(k).
-5
Let u(c) = 90 + 14*c + 8*c + 7*c - 98 - 39*c. Determine u(2).
-28
Let z(b) = 15*b - 21. Let g(l) = 13*l - 18. Let f(n) = 7*g(n) - 6*z(n). Let i(x) = -x + 4. Let j = 5 - 9. Let w be i(j). What is f(w)?
8
Let f(v) = 6*v**2 + 51*v - 61. Let s(p) = -p**2 - 10*p + 12. Let i(b) = 4*f(b) + 22*s(b). Give i(7).
6
Let d(n) = -13*n**2 - 4*n - 91. Let w(a) = 15*a**2 + 4*a + 113. Let l(k) = 7*d(k) + 6*w(k). What is l(-10)?
-19
Let f(a) = -318*a**3 + 151*a**3 + 0*a**2 + 12 + 4*a**2 + 5*a**2 + 9*a + 166*a**3. Determine f(10).
2
Let h(a) = 3*a**2 + 35*a + 51. Let w(n) = 7*n**2 + 73*n + 95. Let f(x) = -9*h(x) + 4*w(x). What is f(26)?
-1
Let d(g) = g**3 - 5*g**2 - g - 4. Suppose 116*a - 118*a + 264 = 0. Let u = a + -127. What is d(u)?
-9
Let z(r) be the first derivative of -r**2 + 7*r - 1818. Give z(15).
-23
Let x(j) = -j**3 - 2*j**2 + 3*j - 19. Let p(s) = s**3 + 3*s**2 - 4*s + 18. Let z(n) = 6*p(n) + 5*x(n). Suppose 122*d = 66*d + 36*d - 180. What is z(d)?
13
Let d(b) = 1030*b + 3*b**2 - 4*b**2 - 1017*b. Determine d(10).
30
Let p(r) = -4*r**2 + 3*r - 5. Let w(b) = -b**3 + 19*b**2 + 19*b + 61. Let k be w(20). Suppose -3*c = k - 47. Calculate p(c).
-15
Let f(m) be the second derivative of m**5/20 - 13*m**4/12 - 5*m**3 + m**2 - 40*m - 3. Calculate f(15).
2
Let b(o) = o**3 + 22*o**2 - 3*o - 14. Let v(l) = -2*l**3 - 35*l**2 + 3*l + 18. Let n(i) = 3*b(i) + 2*v(i). Let z = -8 - -4. What is n(z)?
6
Let q(z) = -347 + 183 - 9*z + 180 - 4*z**2. What is q(-6)?
-74
Suppose x - 65 = -43. Suppose -4*m = 18 - x. Let f(d) = -m + 9*d - 7*d - d. Determine f(-4).
-5
Let d = -7585 - -7584. Let p(j) = -10*j**3 + 3*j + 3. What is p(d)?
10
Let m(i) be the second derivative of -i**5/15 + 5*i**4/24 - 2*i**3/3 + 129*i**2 - 231*i. Let f(r) be the first derivative of m(r). Determine f(3).
-25
Let w(c) be the first derivative of c**3/3 - 7*c**2/2 - 2*c - 12. Suppose 103*h - 35*h + 1865 = 441*h. Determine w(h).
-12
Let q(d) = 2*d - 21. Suppose 175*h + 466 = 724 + 1492. Determine q(h).
-1
Let z(s) = 2*s**2 - 2*s - 6. Let k = 3028 - 3028. What is z(k)?
-6
Let s(q) = 6*q**3 + 9*q**2 - 859*q + 1. Let k(z) = 7*z**3 + 9*z**2 - 1029*z + 1. Let t(a) = 5*k(a) - 6*s(a). Suppose -3*i = -7 + 37. Calculate t(i).
9
Let p = -1267 + 694. Let a = p + 568. Let t(g) = -4*g + 6. What is t(a)?
26
Let i(o) = o**2 + 124*o. Let p(c) = 5*c**2 + 489*c - 26. Let a(s) = 4*i(s) - p(s). Determine a(10).
-4
Let p(q) = q**2 - q - 1. Let z be (-3)/(-15)*5*(-1 - -3). Suppose z*r + 2 + 0 = 2*x, -r - 5*x = -23. Calculate p(r).
5
Suppose -3*l + 8*l = -2*l. Let j(d) = -6*d**2 + 3*d - d**3 - 2*d - 2*d + 5*d**2 - 20. What is j(l)?
-20
Let c(w) = 3*w - 18. Let m be -2 + (-159)/(-15) - (-40)/100*1. What is c(m)?
9
Let v(y) = 23*y - 9. Let n be v(6). Suppose -48 = -133*s + n*s. Let i(z) = -z**3 + 13*z**2 - 13*z + 7. What is i(s)?
-5
Let d(a) be the first derivative of -a**4/4 + a**3/3 + 3*a**2 - a + 1. Let y(f) = -16*f**2 + 16*f + 675. Let i be y(7). Give d(i).
-1
Let i(f) = f**3 - 14*f**2 + 26*f - 16. Let t be i(12). Let j be (-50)/2*2/40*t. Let v(h) = h**2 + 11*h - 10. Give v(j).
-20
Let g(v) = 7*v**3 - 4*v**2 + 6*v + 5. Let f(r) = -9*r**3 + 4*r**2 - 7*r - 4. Let c(x) = 